hat is the units digit of q?
1
Let x(f) = -f**3 + 5*f**2 - 3*f - 5. Let a(t) = -t**2 - 4*t + 1. Let l be a(-3). Let i be x(l). Let r = 4 - i. What is the units digit of r?
5
Suppose -54 = -k - g, -41 - 39 = -2*k + 5*g. What is the tens digit of k?
5
Let d = -4 + -1. Let n(a) = -a**3 - 5*a**2 - 4*a - 2. What is the tens digit of n(d)?
1
Let l(t) = t + 10. Suppose 4*a + 15 = -5*c, -2*a + 4*c + 11 = -5*a. What is the units digit of l(a)?
5
Suppose 2*w - 31 = n, 7*n + 150 = 2*n + 5*w. Let k = 55 + n. What is the tens digit of k?
2
Suppose 5*x + 4 = -3*a + 19, 4*a = 5*x + 20. Suppose a*y - 60 = y. What is the units digit of y?
5
What is the units digit of -3 + 3 + -2 - -14?
2
Let j be 2 + -2 + 2/1. Suppose d + 4 = j*s - 0*s, 5*s = -3*d + 10. Suppose -2*c + 5*t = -25, 3*c + s*t - 28 = -0*c. What is the units digit of c?
0
Let n(f) = f**2 + 4*f + 3*f**2 - 2 - 3*f**2. Let i(u) = 6*u. Let l be i(-1). What is the units digit of n(l)?
0
Suppose -5*v - n - 195 = 3*n, v + n + 40 = 0. Let m be (0 - v/4)*4. Suppose 7*s = 2*s + m. What is the units digit of s?
7
Suppose 5*b = b - 24. What is the tens digit of 1/3 + (-214)/b?
3
Suppose -267 = -6*y + 315. What is the tens digit of y?
9
Suppose -s = 2*r - 1, 0*r + r + 2 = -s. What is the units digit of r?
3
Let a(i) = i**3 + 2*i**2 - 38*i + 2. What is the tens digit of a(-7)?
2
Let u(c) = 2*c**2 - c - 2. Let n = -5 + 2. What is the tens digit of u(n)?
1
Suppose -4*m + m = 0. Suppose 3*d + m = 21. What is the units digit of d?
7
Suppose 0 = 4*i + 8, -44 - 30 = -3*a - 2*i. What is the units digit of a?
6
Let j be (4 - 2) + -3 - 5. Let u be (-26)/(-6) + (-4)/j. Suppose 0 = -3*q + u*w, 5*q + 3*w - 8 = 26. What is the units digit of q?
5
Let s = -8 - -13. Suppose -5*w + 81 = 6. Suppose 2*q = -b + w, s*q + 3*b - 39 = -b. What is the units digit of q?
7
Let p(n) = 2*n**2 + 2 - 3*n**2 + 5*n**2. What is the units digit of p(-2)?
8
Let r(y) = -y - 1. Let b(h) = 2*h + 7. Let g(f) = b(f) + 4*r(f). What is the tens digit of g(-8)?
1
Let l = 94 + -50. What is the units digit of l?
4
Let a(t) = 9*t - 33. Let n(z) = -4*z + 16. Let k(q) = 3*a(q) + 7*n(q). Let y be k(9). Suppose y = -0*h + 4*h. What is the units digit of h?
1
Suppose 3*z = 5*z + 56. What is the units digit of 2/7*z/(-4)?
2
Suppose -6 = -6*i - 0*i. Let r(n) = -n**3 + 6*n**2 - 5*n + 3. Let u be r(5). Let w = i + u. What is the units digit of w?
4
Let u(k) = k**2 - 4*k - 1. Let i be u(5). What is the units digit of -11*(4/2 - i)?
2
Let f(o) be the first derivative of o**4/4 + o**3 - o**2/2 - 2*o + 1. Let a be f(2). Suppose 11 + a = 3*x. What is the units digit of x?
9
What is the units digit of (-6 - -4)*(-102)/4?
1
Suppose 2*b - 8 = -0*b. Let w be 0 + (b/(-2))/(-2). What is the units digit of (8/(-20))/(w/(-15))?
6
Suppose -69 = -5*u - 24. What is the units digit of u?
9
Let z(d) = d**2 + 3*d + 1. Suppose -3*c = 3*u - 8*u - 32, -4*u - 24 = -2*c. Suppose c*b - 3*l + 6 = 3*b, 0 = 4*b + l + 11. What is the units digit of z(b)?
1
Let q = -12 + 21. Let h = 4 + q. What is the tens digit of h?
1
What is the tens digit of (-4)/(-10)*(-770)/(-7)?
4
Let j(n) = 8 - 6 - 2*n + 3*n + 11. What is the units digit of j(-8)?
5
What is the tens digit of 11 + 8 - (3 + 0)?
1
Let r = -4 - -3. Let m(x) = 8*x**2 - x. What is the units digit of m(r)?
9
Suppose 0 = g - 4*g + 18. Let o = g - 3. What is the units digit of o?
3
Suppose 99 = 3*h + 15. What is the units digit of h?
8
Let d = 8 - -26. Suppose i = -4, -5*i - d = -o + 9. What is the units digit of o?
3
Let g(l) = l**3 + 6*l**2 - 7*l + 3. Let m be g(-7). Let o = 1 + m. What is the units digit of o/(-14) - 74/(-14)?
5
Suppose -183 = -6*v + v + 2*g, -4*v + 3*g = -145. What is the tens digit of v?
3
Let w be (7 + -5)*3/2. Let j be (-4)/w*9/(-6). Suppose -j*y + 7 = -2*m - 5, 3*m = 4*y - 19. What is the units digit of y?
1
Suppose 0 = -2*h + 20 + 40. What is the units digit of h?
0
Let f(m) = 4*m**2 + 18*m + 6. What is the tens digit of f(6)?
5
Let n(u) = -u**3 + u**2 + 2*u. Let r be n(2). Suppose 5*c - 2*c - 15 = r. What is the units digit of c?
5
Let m be -3*((-12)/(-9))/(-4). Suppose -3*x + 3*s = 6, 5*x - 3*s + 3 + 3 = 0. Let f = x + m. What is the units digit of f?
1
Suppose k - 2*k - 23 = 0. Let t = k - -35. What is the tens digit of t?
1
Let q(d) = -d + 10. What is the tens digit of q(-13)?
2
Suppose -s = -1 - 1. What is the units digit of 88/(-12)*(-3)/s?
1
Let m be -5 + 2 + 0 - -2. What is the tens digit of (2 - m) + -1 + 17?
1
Let d(k) = 4*k**2. Let l = -5 - -3. Let i be (l/(-4))/((-3)/6). What is the units digit of d(i)?
4
Let v = -15 + 17. Suppose v*m + m - 16 = -5*j, 13 = 2*m + j. What is the units digit of m?
7
Let j = 7 + -10. What is the tens digit of 2 - (-1 - j) - -10?
1
Suppose -13*b = -11*b - 390. Suppose 3*x - b = -45. What is the tens digit of x?
5
Let w(q) = -3*q - 4. Let b be w(-3). Suppose -4*u - 24 = -2*z, -3*z + 2 = b*u - 1. What is the units digit of 1*z*1/3?
2
Let a(k) = k**3 - 6*k**2 - 6*k - 3. Let l be a(7). Suppose 0 = l*x - 3*q - 2*q - 40, 4*x - 40 = -q. What is the units digit of x?
0
Let j(x) = -x**3 - 8*x**2 - 7*x + 3. Let z be j(-7). Let r(s) = -s**3 + 0*s**3 + 0 + 2*s - z + 5*s**2 - 1. What is the units digit of r(5)?
6
What is the units digit of -2 + 3485/30 - (-2)/(-12)?
4
Suppose 4*f = 4*m + m - 50, 4*f = 3*m - 22. What is the units digit of m?
4
Let r(x) be the first derivative of -x**2/2 + 3*x - 2. Let u be r(0). Suppose 0 = u*y - y - 2. What is the units digit of y?
1
Suppose 5*q = -5*q + 1130. What is the tens digit of q?
1
Let r(x) be the third derivative of x**5/60 - x**3/2 - 7*x**2. Suppose b - 6*b - 20 = 0. What is the tens digit of r(b)?
1
Let u(h) = h**3 + 7*h**2 - 4*h + 5. Let p be u(-8). Let k = -8 - p. What is the units digit of k?
9
Suppose -6 = -2*i + m - 1, 4*i - 4 = -4*m. What is the tens digit of 7*((-64)/(-28) + i)?
3
Let b(x) = 1 + 10*x**2 + 1 - 3*x**2. Let h be b(-2). Suppose 8*g = 3*g + h. What is the units digit of g?
6
Let b = -43 + 45. What is the units digit of b?
2
Suppose 10 = 7*k - 2*k. Let x be 5 - 2*(-3)/(-2). Suppose -2*y + 2*n + 6 = 0, -n = k*y + n - x. What is the units digit of y?
2
Let g = 15 + 12. What is the units digit of g?
7
Suppose -7*j + 2*j + 90 = 0. Suppose -3*f - w = 0, -3*f + 2*w + 3*w = -j. What is the units digit of f?
1
Let w(q) be the second derivative of -1/12*q**4 + 0 - 4*q + 9/2*q**2 - 1/6*q**3. What is the units digit of w(0)?
9
Suppose 5*d + 200 = 5*s, 5*s + 3*d + 124 = 340. Let h be s/4 + 2/4. Suppose -3*y = -h - 4. What is the units digit of y?
5
Suppose 0 = -4*p + 208 + 388. What is the tens digit of p?
4
Let s be 3*5/((-30)/4). Let j = s + 7. Suppose -3*u - 11 = -5*a, -j*a + 35 = u + 4*u. What is the units digit of a?
4
Suppose -b = c - 27, b + 4*c + 108 = 6*b. What is the units digit of b?
4
Let n be 16 - 13 - (-2 - -1). Let o = 0 + n. What is the units digit of o?
4
Suppose -k + 5*x + 98 = 0, -2*x - 7 - 261 = -3*k. Suppose -k + 228 = 5*t. What is the tens digit of t?
2
Suppose 12 = -q + 72. Let k = -17 + q. What is the units digit of k?
3
Let w = 276 - 88. What is the tens digit of w?
8
Let s(z) = -21*z - 4. What is the tens digit of s(-2)?
3
Let d = 20 + 42. What is the tens digit of d?
6
Let l = 2 + -3. Let x(n) = -7*n - 1. Let y be x(l). Suppose 4*f + 2 = -2*v, 4*f - 6 - y = -4*v. What is the units digit of v?
7
Let q(m) = -m**3 - 7*m**2 + 7*m + 13. What is the tens digit of q(-8)?
2
Suppose 0 = 3*m + n + 3*n - 302, n - 296 = -3*m. Suppose 0 = -6*j - j + m. What is the tens digit of j?
1
Let w(m) = -15*m - 32. What is the units digit of w(-14)?
8
Let n(i) = 2*i**2 + 3*i + 1. What is the units digit of n(-3)?
0
Let j = -9 + 40. What is the tens digit of j?
3
Suppose -4*k - 4*u + 24 = 0, 0*u + 5*u = 3*k + 22. Let f = 3 + k. What is the units digit of (f/5)/(1/5)?
4
What is the units digit of (15/(-20))/((-3)/156)?
9
Suppose -c - 21 = s - 4*c, -4*c = -5*s - 50. What is the units digit of 1 + (-2 + -1 - s)?
4
Let r be (3 - 2)/(0 + 1). Let v be 6/r - (-2 - -3). Suppose -3 = -q - 5*k + 33, 0 = -v*q + 5*k + 30. What is the units digit of q?
1
What is the units digit of (298/4)/(11/22)?
9
Let f be -3 - (-2 - -5)/3. What is the units digit of (3 + f)/((-1)/7)?
7
Let d(f) = -f**2 + 28*f - 26. What is the units digit of d(25)?
9
Let f(l) = 